{"id":18115,"date":"2022-08-15T10:45:09","date_gmt":"2022-08-15T10:45:09","guid":{"rendered":"https:\/\/inanogullari.com\/?page_id=18115"},"modified":"2022-08-15T11:47:20","modified_gmt":"2022-08-15T11:47:20","slug":"makinaparkuru-2","status":"publish","type":"page","link":"https:\/\/inanogullari.com\/?page_id=18115","title":{"rendered":"Makina Parkuru"},"content":{"rendered":"<div class=\"wpb-content-wrapper\"><p>[vc_row full_width=&#8221;stretch_row&#8221; ppadding=&#8221;vc_row-padding-bottom&#8221; gradient_colors=&#8221;%5B%7B%7D%5D&#8221; kswr_row_top_decor_enabled=&#8221;yanl\u0131\u015f&#8221; kswr_row_bottom_decor_enabled=&#8221;yanl\u0131\u015f&#8221;][vc_column][vc_gallery interval=&#8221;15&#8243; images=&#8221;18116,18119,18118,18117,18121,18122,18123,18124,18134,18135&#8243; img_size=&#8221;600&#8243; title=&#8221;Makina Parkurumuz&#8221;][\/vc_column][\/vc_row][vc_row][vc_column][vc_column_text][\/vc_column_text][\/vc_column][\/vc_row]<\/p>\n<\/div>","protected":false},"excerpt":{"rendered":"<p>[vc_row full_width=&#8221;stretch_row&#8221; ppadding=&#8221;vc_row-padding-bottom&#8221; gradient_colors=&#8221;%5B%7B%7D%5D&#8221; kswr_row_top_decor_enabled=&#8221;yanl\u0131\u015f&#8221; kswr_row_bottom_decor_enabled=&#8221;yanl\u0131\u015f&#8221;][vc_column][vc_gallery interval=&#8221;15&#8243; images=&#8221;18116,18119,18118,18117,18121,18122,18123,18124,18134,18135&#8243; img_size=&#8221;600&#8243; title=&#8221;Makina Parkurumuz&#8221;][\/vc_column][\/vc_row][vc_row][vc_column][vc_column_text][\/vc_column_text][\/vc_column][\/vc_row]<\/p>\n","protected":false},"author":5,"featured_media":0,"parent":0,"menu_order":0,"comment_status":"closed","ping_status":"closed","template":"","meta":{"footnotes":""},"class_list":["post-18115","page","type-page","status-publish","hentry"],"_links":{"self":[{"href":"https:\/\/inanogullari.com\/index.php?rest_route=\/wp\/v2\/pages\/18115","targetHints":{"allow":["GET"]}}],"collection":[{"href":"https:\/\/inanogullari.com\/index.php?rest_route=\/wp\/v2\/pages"}],"about":[{"href":"https:\/\/inanogullari.com\/index.php?rest_route=\/wp\/v2\/types\/page"}],"author":[{"embeddable":true,"href":"https:\/\/inanogullari.com\/index.php?rest_route=\/wp\/v2\/users\/5"}],"replies":[{"embeddable":true,"href":"https:\/\/inanogullari.com\/index.php?rest_route=%2Fwp%2Fv2%2Fcomments&post=18115"}],"version-history":[{"count":9,"href":"https:\/\/inanogullari.com\/index.php?rest_route=\/wp\/v2\/pages\/18115\/revisions"}],"predecessor-version":[{"id":18136,"href":"https:\/\/inanogullari.com\/index.php?rest_route=\/wp\/v2\/pages\/18115\/revisions\/18136"}],"wp:attachment":[{"href":"https:\/\/inanogullari.com\/index.php?rest_route=%2Fwp%2Fv2%2Fmedia&parent=18115"}],"curies":[{"name":"wp","href":"https:\/\/api.w.org\/{rel}","templated":true}]}}